{"id":547,"date":"2022-08-04T14:15:36","date_gmt":"2022-08-04T12:15:36","guid":{"rendered":"https:\/\/media4people.com\/sancak\/?page_id=547"},"modified":"2022-08-13T14:24:20","modified_gmt":"2022-08-13T12:24:20","slug":"oelumsuz-sarkilar","status":"publish","type":"page","link":"https:\/\/www.ahmetsancak.com\/biyografi\/oelumsuz-sarkilar\/","title":{"rendered":"\u00d6l\u00fcms\u00fcz \u015eark\u0131lar"},"content":{"rendered":"\t\t<div data-elementor-type=\"wp-page\" data-elementor-id=\"547\" class=\"elementor elementor-547\" data-elementor-post-type=\"page\">\n\t\t\t\t\t\t<section class=\"elementor-section elementor-top-section elementor-element elementor-element-7d38ed51 elementor-section-boxed elementor-section-height-default elementor-section-height-default\" data-id=\"7d38ed51\" data-element_type=\"section\" data-settings=\"{&quot;background_background&quot;:&quot;classic&quot;}\">\n\t\t\t\t\t\t\t<div class=\"elementor-background-overlay\"><\/div>\n\t\t\t\t\t\t\t<div class=\"elementor-container elementor-column-gap-no\">\n\t\t\t\t\t<div class=\"elementor-column elementor-col-100 elementor-top-column elementor-element elementor-element-39b9207b\" data-id=\"39b9207b\" data-element_type=\"column\">\n\t\t\t<div class=\"elementor-widget-wrap elementor-element-populated\">\n\t\t\t\t\t\t<div class=\"elementor-element elementor-element-83e7bff elementor-widget elementor-widget-heading\" data-id=\"83e7bff\" data-element_type=\"widget\" data-widget_type=\"heading.default\">\n\t\t\t\t<div class=\"elementor-widget-container\">\n\t\t\t<style>\/*! elementor - v3.20.0 - 13-03-2024 *\/\n.elementor-heading-title{padding:0;margin:0;line-height:1}.elementor-widget-heading .elementor-heading-title[class*=elementor-size-]>a{color:inherit;font-size:inherit;line-height:inherit}.elementor-widget-heading .elementor-heading-title.elementor-size-small{font-size:15px}.elementor-widget-heading .elementor-heading-title.elementor-size-medium{font-size:19px}.elementor-widget-heading .elementor-heading-title.elementor-size-large{font-size:29px}.elementor-widget-heading .elementor-heading-title.elementor-size-xl{font-size:39px}.elementor-widget-heading .elementor-heading-title.elementor-size-xxl{font-size:59px}<\/style><h2 class=\"elementor-heading-title elementor-size-default\">\u00d6l\u00fcms\u00fcz \u015eark\u0131lar<\/h2>\t\t<\/div>\n\t\t\t\t<\/div>\n\t\t\t\t\t<\/div>\n\t\t<\/div>\n\t\t\t\t\t<\/div>\n\t\t<\/section>\n\t\t\t\t<section class=\"elementor-section elementor-top-section elementor-element elementor-element-6eaa85df elementor-section-boxed elementor-section-height-default elementor-section-height-default\" data-id=\"6eaa85df\" data-element_type=\"section\" data-settings=\"{&quot;background_background&quot;:&quot;classic&quot;}\">\n\t\t\t\t\t\t<div class=\"elementor-container elementor-column-gap-no\">\n\t\t\t\t\t<div class=\"elementor-column elementor-col-100 elementor-top-column elementor-element elementor-element-453492f8\" data-id=\"453492f8\" data-element_type=\"column\">\n\t\t\t<div class=\"elementor-widget-wrap elementor-element-populated\">\n\t\t\t\t\t\t<section class=\"elementor-section elementor-inner-section elementor-element elementor-element-ea5afcf elementor-section-boxed elementor-section-height-default elementor-section-height-default\" data-id=\"ea5afcf\" data-element_type=\"section\">\n\t\t\t\t\t\t<div class=\"elementor-container elementor-column-gap-default\">\n\t\t\t\t\t<div class=\"elementor-column elementor-col-50 elementor-inner-column elementor-element elementor-element-4b42d40\" data-id=\"4b42d40\" data-element_type=\"column\">\n\t\t\t<div class=\"elementor-widget-wrap elementor-element-populated\">\n\t\t\t\t\t\t<div class=\"elementor-element elementor-element-5f13fa2 elementor-widget elementor-widget-image\" data-id=\"5f13fa2\" data-element_type=\"widget\" data-widget_type=\"image.default\">\n\t\t\t\t<div class=\"elementor-widget-container\">\n\t\t\t<style>\/*! elementor - v3.20.0 - 13-03-2024 *\/\n.elementor-widget-image{text-align:center}.elementor-widget-image a{display:inline-block}.elementor-widget-image a img[src$=\".svg\"]{width:48px}.elementor-widget-image img{vertical-align:middle;display:inline-block}<\/style>\t\t\t\t\t\t\t\t\t\t<img fetchpriority=\"high\" decoding=\"async\" width=\"500\" height=\"500\" src=\"https:\/\/www.ahmetsancak.com\/wp-content\/uploads\/2022\/08\/oeluemsuezsarkilar-album.jpg\" class=\"attachment-large size-large wp-image-264\" alt=\"\" srcset=\"https:\/\/www.ahmetsancak.com\/wp-content\/uploads\/2022\/08\/oeluemsuezsarkilar-album.jpg 500w, https:\/\/www.ahmetsancak.com\/wp-content\/uploads\/2022\/08\/oeluemsuezsarkilar-album-300x300.jpg 300w, https:\/\/www.ahmetsancak.com\/wp-content\/uploads\/2022\/08\/oeluemsuezsarkilar-album-150x150.jpg 150w\" sizes=\"(max-width: 500px) 100vw, 500px\" \/>\t\t\t\t\t\t\t\t\t\t\t\t\t<\/div>\n\t\t\t\t<\/div>\n\t\t\t\t\t<\/div>\n\t\t<\/div>\n\t\t\t\t<div class=\"elementor-column elementor-col-50 elementor-inner-column elementor-element elementor-element-8fd1f2a\" data-id=\"8fd1f2a\" data-element_type=\"column\">\n\t\t\t<div class=\"elementor-widget-wrap elementor-element-populated\">\n\t\t\t\t\t\t<div class=\"elementor-element elementor-element-e68dd86 elementor-widget elementor-widget-text-editor\" data-id=\"e68dd86\" data-element_type=\"widget\" data-widget_type=\"text-editor.default\">\n\t\t\t\t<div class=\"elementor-widget-container\">\n\t\t\t<style>\/*! elementor - v3.20.0 - 13-03-2024 *\/\n.elementor-widget-text-editor.elementor-drop-cap-view-stacked .elementor-drop-cap{background-color:#69727d;color:#fff}.elementor-widget-text-editor.elementor-drop-cap-view-framed .elementor-drop-cap{color:#69727d;border:3px solid;background-color:transparent}.elementor-widget-text-editor:not(.elementor-drop-cap-view-default) .elementor-drop-cap{margin-top:8px}.elementor-widget-text-editor:not(.elementor-drop-cap-view-default) .elementor-drop-cap-letter{width:1em;height:1em}.elementor-widget-text-editor .elementor-drop-cap{float:left;text-align:center;line-height:1;font-size:50px}.elementor-widget-text-editor .elementor-drop-cap-letter{display:inline-block}<\/style>\t\t\t\t<p>\u201c\u0130nsan; bu d\u00fcnyada sesiyle vard\u0131r. Ruhunun sesiyle s\u00f6yleyecek bir \u015feyleri olmal\u0131. Hepimizin i\u00e7inde ge\u00e7mi\u015fte ya\u015fam\u0131\u015f oldu\u011fu duygular sakl\u0131d\u0131r. Bu duygular\u0131n varl\u0131\u011f\u0131n\u0131, bazen \u015fiirlerin e\u015fsiz dizelerinde bazen de bir \u015fark\u0131n\u0131n o hisli nakarat\u0131nda buluruz. \u015eiirler i\u00e7ten gelen seslerin ger\u00e7ekli\u011fini ta\u015f\u0131r. \u015eairin \u015fiir d\u00fcnyas\u0131n\u0131 olu\u015fturan duygular, Onun ki\u015fisel yap\u0131s\u0131 ve d\u00fcnya g\u00f6r\u00fc\u015f\u00fcd\u00fcr. Hayat\u0131n i\u00e7inde var olan duygular\u0131m\u0131 bu alb\u00fcme ta\u015f\u0131d\u0131m. \u201cDolunay\u201d isimli ilk alb\u00fcm\u00fcm ile bir \u00e7ocukluk hayalimi ger\u00e7ekle\u015ftirdim. \u201c\u00d6l\u00fcms\u00fcz \u015eark\u0131lar\u201d alb\u00fcm\u00fcm ile de bir \u00f6mr\u00fcn \u015fiirlerime ve \u015fark\u0131lar\u0131ma yans\u0131mas\u0131n\u0131n kilometre ta\u015flar\u0131n\u0131 sanatseverler ile bulu\u015fturmaya devam ediyoruz.\u201d Ahmet Sancak<\/p><p>\u201cKaradenizliler Ahmet Sancak\u2019\u0131 Taka Gazetesi\u2019nin \u0130mtiyaz sahibi olarak tan\u0131d\u0131. K\u00f6pr\u00fcba\u015f\u0131 il\u00e7esinde do\u011fan Ahmet Sancak, gen\u00e7 ya\u015fta gitti\u011fi Almanya\u2019da giri\u015fimcilikte ba\u015far\u0131 basamaklar\u0131n\u0131 t\u0131rman\u0131p, marifetin iltifatla bulu\u015ftu\u011fu noktaya gelmi\u015ftir. Sanat\u0131n ve sanat\u00e7\u0131n\u0131n yan\u0131nda olan Ahmet Sancak, ya\u015fam\u0131nda olu\u015fan bo\u015flu\u011fu sanatla bulu\u015fturup, sanat\u0131n ve \u015fiirin hayat\u0131nda vazge\u00e7ilemez bir renk oldu\u011funun fark\u0131ndal\u0131\u011f\u0131n\u0131; \u201c\u00d6rt \u00dcst\u00fcme Sesini\u201d \u015fiir kitab\u0131yla ta\u00e7land\u0131rm\u0131\u015ft\u0131r. \u201cDolunay\u201d isimli \u015fiir alb\u00fcm\u00fcyle sevenlerine merhaba diyen Ahmet Sancak\u2019\u0131n \u0130kinci \u015fiir kitab\u0131 olan \u201cSonsuza Y\u00fcr\u00fcy\u00fc\u015f\u201d eserine \u201c\u00d6l\u00fcms\u00fcz \u015eark\u0131lar\u201d alb\u00fcm\u00fcne besteleriyle m\u00fczisyen H\u00fcseyin K\u00f6ro\u011flu e\u015flik etmektedir.<\/p><p>Yarat\u0131lma nedeni olan a\u015fk; \u201cCihan \u00fclkesinin sultan\u0131d\u0131r, sevginin en m\u00fckemmel \u015feklidir. F\u00fbzul\u00ee\u2019den at\u0131fla: \u201cA\u015fk imi\u015f her ne var \u00e2lemde \/ \u0130lim bir k\u00eel-u kal imi\u015f ancak.\u201d G\u00f6n\u00fcl dostlar\u0131n\u0131n betimlemesiyle, \u201cSarma\u015f\u0131k nas\u0131l sard\u0131\u011f\u0131 her yeri istila ederse, a\u015fk da girdi\u011fi kalbi ve v\u00fccudu \u00f6ylece istila eder.\u201d Ahmet Sancak, b\u00fcy\u00fcl\u00fc evrenini istila eden ve bitmeyen a\u015fk\u0131n tezah\u00fcr\u00fc olan yeni \u015fiir kitaplar\u0131n\u0131 m\u00fczi\u011fin evrenselli\u011fini yak\u0131\u015fan farkl\u0131 tarz\u0131 ile \u015fiir alb\u00fcmlerinde ortaya \u00e7\u0131kard\u0131.<\/p>\t\t\t\t\t\t<\/div>\n\t\t\t\t<\/div>\n\t\t\t\t<div class=\"elementor-element elementor-element-b34d9e3 elementor-widget elementor-widget-text-editor\" data-id=\"b34d9e3\" data-element_type=\"widget\" data-widget_type=\"text-editor.default\">\n\t\t\t\t<div class=\"elementor-widget-container\">\n\t\t\t\t\t\t\t<div class=\"wp-playlist wp-audio-playlist wp-playlist-light\">\n\t\t\t<div class=\"wp-playlist-current-item\"><\/div>\n\t\t<audio controls=\"controls\" preload=\"none\" width=\"778\"\n\t\t\t><\/audio>\n\t<div class=\"wp-playlist-next\"><\/div>\n\t<div class=\"wp-playlist-prev\"><\/div>\n\t<noscript>\n\t<ol>\n\t\t<li><a href='https:\/\/www.ahmetsancak.com\/wp-content\/uploads\/2020\/02\/01_manahoz.mp3'>Manahoz Deresi<\/a><\/li><li><a href='https:\/\/www.ahmetsancak.com\/wp-content\/uploads\/2020\/02\/02_sevdam.mp3'>Sevdam<\/a><\/li><li><a href='https:\/\/www.ahmetsancak.com\/wp-content\/uploads\/2020\/02\/03_dipsizkuyu.mp3'>Dipsiz Kuyu<\/a><\/li><li><a href='https:\/\/www.ahmetsancak.com\/wp-content\/uploads\/2020\/02\/04_tektasim.mp3'>Tekta\u015f\u0131m<\/a><\/li><li><a href='https:\/\/www.ahmetsancak.com\/wp-content\/uploads\/2020\/02\/10_izmirliyare.mp3'>\u0130zmir&#8217;in Kap\u0131lar\u0131<\/a><\/li><li><a href='https:\/\/www.ahmetsancak.com\/wp-content\/uploads\/2020\/02\/09_askoeluemsuez.mp3'>A\u015fk \u00d6l\u00fcms\u00fcz<\/a><\/li><li><a href='https:\/\/www.ahmetsancak.com\/wp-content\/uploads\/2020\/02\/08_bitlislimuesluembaba.mp3'>Bitlisli M\u00fcsl\u00fcm Baba<\/a><\/li><li><a href='https:\/\/www.ahmetsancak.com\/wp-content\/uploads\/2020\/02\/07_unutmak.mp3'>Unutmak<\/a><\/li><li><a href='https:\/\/www.ahmetsancak.com\/wp-content\/uploads\/2020\/02\/06_dalkusum.mp3'>Dal Ku\u015fum<\/a><\/li><li><a href='https:\/\/www.ahmetsancak.com\/wp-content\/uploads\/2020\/02\/05_ouloumsouzsarki.mp3'>\u00d6l\u00fcms\u00fcz \u015eark\u0131<\/a><\/li>\t<\/ol>\n\t<\/noscript>\n\t<script type=\"application\/json\" class=\"wp-playlist-script\">{\"type\":\"audio\",\"tracklist\":true,\"tracknumbers\":true,\"images\":true,\"artists\":true,\"tracks\":[{\"src\":\"https:\/\/www.ahmetsancak.com\/wp-content\/uploads\/2020\/02\/01_manahoz.mp3\",\"type\":\"audio\/mpeg\",\"title\":\"Manahoz Deresi\",\"caption\":\"\",\"description\":\"Manahoz Deresi\",\"meta\":{\"length_formatted\":\"3:17\"},\"image\":{\"src\":\"https:\/\/www.ahmetsancak.com\/wp-includes\/images\/media\/audio.svg\",\"width\":48,\"height\":64},\"thumb\":{\"src\":\"https:\/\/www.ahmetsancak.com\/wp-includes\/images\/media\/audio.svg\",\"width\":48,\"height\":64}},{\"src\":\"https:\/\/www.ahmetsancak.com\/wp-content\/uploads\/2020\/02\/02_sevdam.mp3\",\"type\":\"audio\/mpeg\",\"title\":\"Sevdam\",\"caption\":\"\",\"description\":\"Sevdam\",\"meta\":{\"length_formatted\":\"3:54\"},\"image\":{\"src\":\"https:\/\/www.ahmetsancak.com\/wp-includes\/images\/media\/audio.svg\",\"width\":48,\"height\":64},\"thumb\":{\"src\":\"https:\/\/www.ahmetsancak.com\/wp-includes\/images\/media\/audio.svg\",\"width\":48,\"height\":64}},{\"src\":\"https:\/\/www.ahmetsancak.com\/wp-content\/uploads\/2020\/02\/03_dipsizkuyu.mp3\",\"type\":\"audio\/mpeg\",\"title\":\"Dipsiz Kuyu\",\"caption\":\"\",\"description\":\"Dipsiz Kuyu\",\"meta\":{\"length_formatted\":\"4:12\"},\"image\":{\"src\":\"https:\/\/www.ahmetsancak.com\/wp-includes\/images\/media\/audio.svg\",\"width\":48,\"height\":64},\"thumb\":{\"src\":\"https:\/\/www.ahmetsancak.com\/wp-includes\/images\/media\/audio.svg\",\"width\":48,\"height\":64}},{\"src\":\"https:\/\/www.ahmetsancak.com\/wp-content\/uploads\/2020\/02\/04_tektasim.mp3\",\"type\":\"audio\/mpeg\",\"title\":\"Tekta\\u015f\\u0131m\",\"caption\":\"\",\"description\":\"Tekta\\u015f\\u0131m\",\"meta\":{\"length_formatted\":\"4:00\"},\"image\":{\"src\":\"https:\/\/www.ahmetsancak.com\/wp-includes\/images\/media\/audio.svg\",\"width\":48,\"height\":64},\"thumb\":{\"src\":\"https:\/\/www.ahmetsancak.com\/wp-includes\/images\/media\/audio.svg\",\"width\":48,\"height\":64}},{\"src\":\"https:\/\/www.ahmetsancak.com\/wp-content\/uploads\/2020\/02\/10_izmirliyare.mp3\",\"type\":\"audio\/mpeg\",\"title\":\"\\u0130zmir'in Kap\\u0131lar\\u0131\",\"caption\":\"\",\"description\":\"\\u0130zmir'in Kap\\u0131lar\\u0131\",\"meta\":{\"length_formatted\":\"4:12\"},\"image\":{\"src\":\"https:\/\/www.ahmetsancak.com\/wp-includes\/images\/media\/audio.svg\",\"width\":48,\"height\":64},\"thumb\":{\"src\":\"https:\/\/www.ahmetsancak.com\/wp-includes\/images\/media\/audio.svg\",\"width\":48,\"height\":64}},{\"src\":\"https:\/\/www.ahmetsancak.com\/wp-content\/uploads\/2020\/02\/09_askoeluemsuez.mp3\",\"type\":\"audio\/mpeg\",\"title\":\"A\\u015fk \\u00d6l\\u00fcms\\u00fcz\",\"caption\":\"\",\"description\":\"A\\u015fk \\u00d6l\\u00fcms\\u00fcz\",\"meta\":{\"length_formatted\":\"3:58\"},\"image\":{\"src\":\"https:\/\/www.ahmetsancak.com\/wp-includes\/images\/media\/audio.svg\",\"width\":48,\"height\":64},\"thumb\":{\"src\":\"https:\/\/www.ahmetsancak.com\/wp-includes\/images\/media\/audio.svg\",\"width\":48,\"height\":64}},{\"src\":\"https:\/\/www.ahmetsancak.com\/wp-content\/uploads\/2020\/02\/08_bitlislimuesluembaba.mp3\",\"type\":\"audio\/mpeg\",\"title\":\"Bitlisli M\\u00fcsl\\u00fcm Baba\",\"caption\":\"\",\"description\":\"Bitlisli M\\u00fcsl\\u00fcm Baba\",\"meta\":{\"length_formatted\":\"4:25\"},\"image\":{\"src\":\"https:\/\/www.ahmetsancak.com\/wp-includes\/images\/media\/audio.svg\",\"width\":48,\"height\":64},\"thumb\":{\"src\":\"https:\/\/www.ahmetsancak.com\/wp-includes\/images\/media\/audio.svg\",\"width\":48,\"height\":64}},{\"src\":\"https:\/\/www.ahmetsancak.com\/wp-content\/uploads\/2020\/02\/07_unutmak.mp3\",\"type\":\"audio\/mpeg\",\"title\":\"Unutmak\",\"caption\":\"\",\"description\":\"Unutmak\",\"meta\":{\"length_formatted\":\"4:10\"},\"image\":{\"src\":\"https:\/\/www.ahmetsancak.com\/wp-includes\/images\/media\/audio.svg\",\"width\":48,\"height\":64},\"thumb\":{\"src\":\"https:\/\/www.ahmetsancak.com\/wp-includes\/images\/media\/audio.svg\",\"width\":48,\"height\":64}},{\"src\":\"https:\/\/www.ahmetsancak.com\/wp-content\/uploads\/2020\/02\/06_dalkusum.mp3\",\"type\":\"audio\/mpeg\",\"title\":\"Dal Ku\\u015fum\",\"caption\":\"\",\"description\":\"Dal Ku\\u015fum\",\"meta\":{\"length_formatted\":\"4:40\"},\"image\":{\"src\":\"https:\/\/www.ahmetsancak.com\/wp-includes\/images\/media\/audio.svg\",\"width\":48,\"height\":64},\"thumb\":{\"src\":\"https:\/\/www.ahmetsancak.com\/wp-includes\/images\/media\/audio.svg\",\"width\":48,\"height\":64}},{\"src\":\"https:\/\/www.ahmetsancak.com\/wp-content\/uploads\/2020\/02\/05_ouloumsouzsarki.mp3\",\"type\":\"audio\/mpeg\",\"title\":\"\\u00d6l\\u00fcms\\u00fcz \\u015eark\\u0131\",\"caption\":\"\",\"description\":\"\\u00d6l\\u00fcms\\u00fcz \\u015eark\\u0131\",\"meta\":{\"length_formatted\":\"4:13\"},\"image\":{\"src\":\"https:\/\/www.ahmetsancak.com\/wp-includes\/images\/media\/audio.svg\",\"width\":48,\"height\":64},\"thumb\":{\"src\":\"https:\/\/www.ahmetsancak.com\/wp-includes\/images\/media\/audio.svg\",\"width\":48,\"height\":64}}]}<\/script>\n<\/div>\n\t\t\t\t\t\t\t<\/div>\n\t\t\t\t<\/div>\n\t\t\t\t\t<\/div>\n\t\t<\/div>\n\t\t\t\t\t<\/div>\n\t\t<\/section>\n\t\t\t\t\t<\/div>\n\t\t<\/div>\n\t\t\t\t\t<\/div>\n\t\t<\/section>\n\t\t\t\t<\/div>\n\t\t","protected":false},"excerpt":{"rendered":"<p>\u00d6l\u00fcms\u00fcz \u015eark\u0131lar \u201c\u0130nsan; bu d\u00fcnyada sesiyle vard\u0131r. Ruhunun sesiyle s\u00f6yleyecek bir \u015feyleri olmal\u0131. Hepimizin i\u00e7inde ge\u00e7mi\u015fte ya\u015fam\u0131\u015f oldu\u011fu duygular sakl\u0131d\u0131r. Bu duygular\u0131n varl\u0131\u011f\u0131n\u0131, bazen \u015fiirlerin e\u015fsiz dizelerinde bazen de bir \u015fark\u0131n\u0131n o hisli nakarat\u0131nda buluruz. \u015eiirler i\u00e7ten gelen seslerin ger\u00e7ekli\u011fini ta\u015f\u0131r. \u015eairin \u015fiir d\u00fcnyas\u0131n\u0131 olu\u015fturan duygular, Onun ki\u015fisel yap\u0131s\u0131 ve d\u00fcnya g\u00f6r\u00fc\u015f\u00fcd\u00fcr. Hayat\u0131n i\u00e7inde var [&hellip;]<\/p>\n","protected":false},"author":1,"featured_media":0,"parent":0,"menu_order":0,"comment_status":"closed","ping_status":"closed","template":"elementor_header_footer","meta":{"footnotes":""},"class_list":["post-547","page","type-page","status-publish","hentry"],"_links":{"self":[{"href":"https:\/\/www.ahmetsancak.com\/biyografi\/wp-json\/wp\/v2\/pages\/547","targetHints":{"allow":["GET"]}}],"collection":[{"href":"https:\/\/www.ahmetsancak.com\/biyografi\/wp-json\/wp\/v2\/pages"}],"about":[{"href":"https:\/\/www.ahmetsancak.com\/biyografi\/wp-json\/wp\/v2\/types\/page"}],"author":[{"embeddable":true,"href":"https:\/\/www.ahmetsancak.com\/biyografi\/wp-json\/wp\/v2\/users\/1"}],"replies":[{"embeddable":true,"href":"https:\/\/www.ahmetsancak.com\/biyografi\/wp-json\/wp\/v2\/comments?post=547"}],"version-history":[{"count":16,"href":"https:\/\/www.ahmetsancak.com\/biyografi\/wp-json\/wp\/v2\/pages\/547\/revisions"}],"predecessor-version":[{"id":1552,"href":"https:\/\/www.ahmetsancak.com\/biyografi\/wp-json\/wp\/v2\/pages\/547\/revisions\/1552"}],"wp:attachment":[{"href":"https:\/\/www.ahmetsancak.com\/biyografi\/wp-json\/wp\/v2\/media?parent=547"}],"curies":[{"name":"wp","href":"https:\/\/api.w.org\/{rel}","templated":true}]}}